{"id":88,"date":"2019-03-26T07:07:03","date_gmt":"2019-03-26T07:07:03","guid":{"rendered":"http:\/\/ferrogeneral.hu\/?page_id=88"},"modified":"2019-03-26T07:07:03","modified_gmt":"2019-03-26T07:07:03","slug":"adatkezeles","status":"publish","type":"page","link":"https:\/\/ferrogeneral.hu\/public_html\/ferrogeneral.hu\/index.php\/adatkezeles\/","title":{"rendered":"adatkezel\u00e9s"},"content":{"rendered":"\n<h1 class=\"wp-block-heading\">Adatv\u00e9delmi \u00e9s Adatkezel\u00e9si T\u00e1j\u00e9koztat\u00f3<\/h1>\n\n\n\n<h5 class=\"wp-block-heading\" id=\"intro\">I. Bevezet\u0151<\/h5>\n\n\n\n<p>Ez a dokumentum a FerroGeneral Kft. (\u00dczemeltet\u0151), mint adatkezel\u0151 \u00e1ltal a szem\u00e9lyes adatok vonatkoz\u00e1s\u00e1ban alkalmazott adatv\u00e9delmi \u00e9s adatkezel\u00e9si elveket r\u00f6gz\u00edti, illetve azokr\u00f3l ny\u00fajt t\u00e1j\u00e9koztat\u00e1st. A szab\u00e1lyzat kialak\u00edt\u00e1sa sor\u00e1n \u00dczemeltet\u0151 a Polg\u00e1ri T\u00f6rv\u00e9nyk\u00f6nyvr\u0151l sz\u00f3l\u00f3 2013. \u00e9vi V. t\u00f6rv\u00e9ny (&#8222;Ptk&#8221;), a 2011. \u00e9vi CXII. t\u00f6rv\u00e9ny (&#8222;Infot\u00f6rv\u00e9ny\u201d), valamint az Eur\u00f3pai Parlament \u00e9s Tan\u00e1cs 2016\/679 Rendelet\u00e9nek (&#8222;GDPR&#8221;) rendelkez\u00e9seit \u00e9s ir\u00e1nymutat\u00e1sait vette figyelembe.<\/p>\n\n\n\n<p>Az itt r\u00f6gz\u00edtett ir\u00e1nyelvek kiz\u00e1r\u00f3lag az \u00dczemeltet\u0151 \u00e1ltal k\u00f6zvetlen\u00fcl, jelen honlapon (Honlap) \u00e1t, v\u00e9gfelhaszn\u00e1l\u00f3k r\u00e9sz\u00e9re ny\u00fajtott szolg\u00e1ltat\u00e1sok biztos\u00edt\u00e1sa keret\u00e9ben v\u00e9gzett adatkezel\u00e9s\u00e9r\u0151l \u00e9s adatv\u00e9delm\u00e9r\u0151l ny\u00fajt t\u00e1j\u00e9koztat\u00e1st, hat\u00e1lya azonban nem terjed ki az Honlapon elhelyezett k\u00fcls\u0151 hivatkoz\u00e1sok r\u00e9v\u00e9n megjel\u00f6lt vagy el\u00e9rhet\u0151, harmadik szem\u00e9lyek \u00e1ltal \u00fczemeltetett honlapokra \u00e9s szolg\u00e1ltat\u00e1sokra. Ut\u00f3bbiak vonatkoz\u00e1s\u00e1ban k\u00e9rj\u00fck keresse fel a megfelel\u0151 szolg\u00e1ltat\u00f3 oldal\u00e1t!<\/p>\n\n\n\n<h5 class=\"wp-block-heading\" id=\"terms\">II. Fogalmak<\/h5>\n\n\n\n<p><strong>Adatkezel\u0151<\/strong>: aki az Adatkezel\u00e9s c\u00e9ljait \u00e9s eszk\u00f6zeit \u2013 \u00f6n\u00e1ll\u00f3an vagy m\u00e1sokkal egy\u00fctt \u2013 meghat\u00e1rozza. A jelen T\u00e1j\u00e9koztat\u00f3ban hivatkozott Szolg\u00e1ltat\u00e1sok eset\u00e9ben Adatkezel\u0151nek a FerroGeneral Kft. (1151, Budapest, G\u00e9za fejedelem t\u00e9r 3., Cj: 01-09-188062, Ad\u00f3sz\u00e1m: 24895604-1-42) min\u0151s\u00fcl.<\/p>\n\n\n\n<p><strong>Felhaszn\u00e1l\u00f3<\/strong>: az a term\u00e9szetes szem\u00e9ly, aki a Szolg\u00e1ltat\u00e1sokra regisztr\u00e1l, \u00e9s ennek keret\u00e9ben megad valamilyen Szem\u00e9lyes adatot.<\/p>\n\n\n\n<p><strong>Szem\u00e9lyes adat vagy adat<\/strong>: b\u00e1rmilyen adat vagy inform\u00e1ci\u00f3, amely alapj\u00e1n egy term\u00e9szetes szem\u00e9ly Felhaszn\u00e1l\u00f3 &#8211; k\u00f6zvetett vagy k\u00f6zvetlen m\u00f3don &#8211; azonos\u00edthat\u00f3v\u00e1 v\u00e1lik.<\/p>\n\n\n\n<p><strong>Adatfeldolgoz\u00f3<\/strong>: az a szolg\u00e1ltat\u00f3, aki az Adatkezel\u0151 nev\u00e9ben szem\u00e9lyes adatokat kezel.<\/p>\n\n\n\n<p><strong>Szolg\u00e1ltat\u00e1s<\/strong>: az Adatkezel\u0151 \u00e1ltal \u00fczemeltetett valamint az Adatkezel\u0151 \u00e1ltal a Honlapon kereszt\u00fcl biztos\u00edtott szolg\u00e1ltat\u00e1s(ok).<\/p>\n\n\n\n<h5 class=\"wp-block-heading\" id=\"personaldata\">III. A kezelt szem\u00e9lyes adatok<\/h5>\n\n\n\n<p>Az Adatkezel\u0151 a Honlap \u00e1ltal ny\u00fajtott Szolg\u00e1ltat\u00e1sok biztos\u00edt\u00e1sa \u00e9rdek\u00e9ben \u00e9s sor\u00e1n a k\u00f6vetkez\u0151 szem\u00e9lyes adatokat kezeli:<\/p>\n\n\n\n<table class=\"wp-block-table\"><thead><tr><td>Adat<\/td><td>Adatgy\u0171jt\u00e9s oka\/c\u00e9lja<\/td><td>Jogalap<\/td><\/tr><\/thead><tbody><tr><td>Email-c\u00edm<\/td><td>A Felhaszn\u00e1l\u00f3 fi\u00f3kj\u00e1nak biztos\u00edt\u00e1sa (login), valamint kommunik\u00e1ci\u00f3 a Felhaszn\u00e1l\u00f3val (\u00e9rtes\u00edt\u00e9sek, h\u00edrlev\u00e9l)<\/td><td>Felhaszn\u00e1l\u00f3 hozz\u00e1j\u00e1rul\u00e1sa<\/td><\/tr><tr><td>N\u00e9v (val\u00f3di \u00e9s\/vagy pszeudonim)<\/td><td>A Felhaszn\u00e1l\u00f3 k\u00f6zz\u00e9t\u00e9telein\u00e9l \u00e9s \u00fczenetein\u00e9l a szerz\u0151 megjel\u00f6l\u00e9se<\/td><td>Felhaszn\u00e1l\u00f3 hozz\u00e1j\u00e1rul\u00e1sa<\/td><\/tr><tr><td>IP-c\u00edm<\/td><td>A Honlap \u00e9s a Szolg\u00e1ltat\u00e1s biztons\u00e1gos \u00fczemeltet\u00e9se<\/td><td>Jogos \u00e9rdek<\/td><\/tr><tr><td>A Felhaszn\u00e1l\u00f3 k\u00f6z\u00f6ss\u00e9gi fi\u00f3kazonos\u00edt\u00f3i (ha megadta \u0151ket)<\/td><td>A Felhaszn\u00e1l\u00f3 fi\u00f3kj\u00e1nak biztos\u00edt\u00e1sa, k\u00f6z\u00f6ss\u00e9gi bejelentkez\u00e9s (login) lehet\u0151v\u00e9 t\u00e9tele<\/td><td>Felhaszn\u00e1l\u00f3 hozz\u00e1j\u00e1rul\u00e1sa<\/td><\/tr><\/tbody><\/table>\n\n\n\n<p>Felhaszn\u00e1l\u00f3 bemutatkoz\u00e1s\u00e1ban, k\u00f6zz\u00e9t\u00e9teleiben \u00e9s priv\u00e1t \u00fczeneteiben, illetve az \u00dczemeltet\u0151 r\u00e9sz\u00e9re el\u00e9rhet\u0151s\u00e9gein (pl. emailben) k\u00fcld\u00f6tt \u00fczenetek r\u00e9szek\u00e9nt \u00f6nk\u00e9ntes m\u00f3don egy\u00e9b Szem\u00e9lyes adatokat is k\u00f6zz\u00e9tehet vagy megadhat. Ezen adatokat a Felhaszn\u00e1l\u00f3 hozz\u00e1j\u00e1rul\u00e1sa alapj\u00e1n kezelj\u00fck, addig, am\u00edg azok t\u00f6rl\u00e9s\u00e9t a Felhaszn\u00e1l\u00f3 nem k\u00e9ri.<\/p>\n\n\n\n<p>A felhaszn\u00e1l\u00f3i k\u00f6zz\u00e9t\u00e9telek \u00e9s adatk\u00f6zl\u00e9sek vonatkoz\u00e1s\u00e1ban a Felhaszn\u00e1l\u00f3 szavatol az\u00e9rt, hogy a Szolg\u00e1ltat\u00e1sok ig\u00e9nybev\u00e9tele sor\u00e1n \u00e1ltala m\u00e1s szem\u00e9lyekr\u0151l megadott vagy hozz\u00e1f\u00e9rhet\u0151v\u00e9 tett szem\u00e9lyes adat kezel\u00e9s\u00e9hez az \u00e9rintett szem\u00e9ly hozz\u00e1j\u00e1rul\u00e1s\u00e1t beszerezte. A Felhaszn\u00e1l\u00f3 \u00e1ltal a Szolg\u00e1ltat\u00e1sokba felt\u00f6lt\u00f6tt, megosztott felhaszn\u00e1l\u00f3i tartalom\u00e9rt minden felel\u0151ss\u00e9g a Felhaszn\u00e1l\u00f3t terheli.<\/p>\n\n\n\n<h5 class=\"wp-block-heading\" id=\"nonpersonaldata\">IV. A kezelt egy\u00e9b adatok k\u00f6re<\/h5>\n\n\n\n<p>Az Adatkezel\u0151 a Honlap \u00e1ltal ny\u00fajtott Szolg\u00e1ltat\u00e1sok biztos\u00edt\u00e1sa \u00e9rdek\u00e9ben \u00e9s sor\u00e1n a k\u00f6vetkez\u0151 egy\u00e9b adatokat kezeli:<\/p>\n\n\n\n<table class=\"wp-block-table\"><thead><tr><td>Adat<\/td><td>Adatgy\u0171jt\u00e9s oka\/c\u00e9lja<\/td><td>Jogalap<\/td><\/tr><\/thead><tbody><tr><td>A Honlapon megtekintett oldalak list\u00e1ja<\/td><td>A Honlap \u00e9s a Szolg\u00e1ltat\u00e1s biztons\u00e1gos \u00fczemeltet\u00e9se<\/td><td>Jogos \u00e9rdek<\/td><\/tr><tr><td>B\u00f6ng\u00e9sz\u0151k\u00f6rnyezet (User Agent) jellemz\u0151i<\/td><td>A Honlap \u00e9s a Szolg\u00e1ltat\u00e1s biztons\u00e1gos \u00fczemeltet\u00e9se<\/td><td>Jogos \u00e9rdek<\/td><\/tr><tr><td>Felhaszn\u00e1l\u00f3 \u00f6nk\u00e9nt megadott &#8211; \u00e9s nem ellen\u0151rz\u00f6tt &#8211; f\u00f6ldrajzi helyzete (v\u00e1ros\/helys\u00e9g pontoss\u00e1ggal)<\/td><td>A Szolg\u00e1ltat\u00e1s sz\u00ednvonal\u00e1nak jav\u00edt\u00e1sa \/ Statisztikai aggreg\u00e1ci\u00f3<\/td><td>Felhaszn\u00e1l\u00f3 hozz\u00e1j\u00e1rul\u00e1sa<\/td><\/tr><\/tbody><\/table>\n\n\n\n<h6 class=\"wp-block-heading\">S\u00fctik<\/h6>\n\n\n\n<p>A Honlap m\u0171k\u00f6d\u00e9se r\u00e9szek\u00e9nt s\u00fctiket (cookie) is elhelyezhet a Felhaszn\u00e1l\u00f3 b\u00f6ng\u00e9sz\u0151j\u00e9ben, amik c\u00e9lja a Szolg\u00e1ltat\u00e1s haszn\u00e1lat\u00e1nak megk\u00f6nny\u00edt\u00e9se \u00e9s sz\u00ednvonval\u00e1nak jav\u00edt\u00e1sa. A s\u00fctik nem a Szolg\u00e1ltat\u00f3, hanem a Felhaszn\u00e1l\u00f3 eszk\u00f6zein ker\u00fclnek t\u00e1rol\u00e1sra, \u00e9s azokat a Felhaszn\u00e1l\u00f3 saj\u00e1t hat\u00e1sk\u00f6rben, bel\u00e1t\u00e1sa szerint b\u00e1rmikor t\u00f6r\u00f6lheti, s\u0151t, elhelyez\u00e9s\u00fcket eleve letilthatja a b\u00f6ng\u00e9sz\u0151je erre szolg\u00e1l\u00f3 funkci\u00f3inak seg\u00edts\u00e9g\u00e9vel.<\/p>\n\n\n\n<p>A Honlap b\u00f6ng\u00e9sz\u00e9se k\u00f6zben a Felhaszn\u00e1l\u00f3 b\u00f6ng\u00e9sz\u0151j\u00e9ben k\u00fcls\u0151, harmadik felek (pl. Google Analytics, Adverticum, stb.) is elhelyezhetnek s\u00fctiket (l\u00e1sd m\u00e9g:&nbsp;<a href=\"https:\/\/pcforum.hu\/sugo\/lap\/privacy#thirdparties\">K\u00fcls\u0151 hivatkoz\u00e1sok<\/a>). Ezen s\u00fctikre az \u00dczemeltet\u0151 semmilyen r\u00e1hat\u00e1ssal nincs, azok tartalm\u00e1hoz nem f\u00e9r hozz\u00e1 \u00e9s azt nem t\u00e1rolja &#8211; \u00edgy nem min\u0151s\u00fcl adatkezel\u0151nek sem. Ezen s\u00fctik tilt\u00e1s\u00e1ra \u00e9s t\u00f6rl\u00e9s\u00e9re a kor\u00e1bban fent, a Honlap \u00e1ltal elhelyezett s\u00fctikr\u0151l \u00edrtak ugyan\u00fagy \u00e9rv\u00e9nyesek.<\/p>\n\n\n\n<h5 class=\"wp-block-heading\" id=\"duration\">V. Az adatkezel\u00e9s id\u0151tartama, hat\u00e1lya<\/h5>\n\n\n\n<p>A Felhaszn\u00e1l\u00f3 \u00e1ltal megadott Szem\u00e9lyes adatok kezel\u00e9s\u00e9t Szolg\u00e1ltat\u00f3 mindaddig folytatja, am\u00edg a Felhaszn\u00e1l\u00f3 a Szolg\u00e1ltat\u00e1sr\u00f3l \u2013 azzal a felhaszn\u00e1l\u00f3i fi\u00f3kkal, amihez kapcsol\u00f3d\u00f3an az adatok r\u00f6gz\u00edt\u00e9sre ker\u00fcltek \u2013 le nem iratkozik vagy egy\u00e9b \u00faton \u00edr\u00e1sban nem k\u00e9ri a Szem\u00e9lyes adatok t\u00f6rl\u00e9s\u00e9t.<\/p>\n\n\n\n<p>Jogellenes cselekm\u00e9ny vagy annak gyan\u00faja eset\u00e9ben Adatkezel\u0151 jogosult a Felhaszn\u00e1l\u00f3 Szem\u00e9lyes adatait t\u00f6rl\u00e9si k\u00e9relme ellen\u00e9re is a lefolytatand\u00f3 elj\u00e1r\u00e1s id\u0151tartam\u00e1ra \u00e9s c\u00e9lj\u00e1ra meg\u0151rizni is.<\/p>\n\n\n\n<p>A Honlap \u00e9s Szolg\u00e1ltat\u00e1sok \u00fczemeltet\u00e9se sor\u00e1n keletkez\u0151, illetve r\u00f6gz\u00edtett, nem szem\u00e9lyes jelleg\u0171 adatok a rendszer m\u0171k\u00f6d\u00e9s\u00e9nek biztos\u00edt\u00e1sa szempontj\u00e1b\u00f3l indokolt id\u0151tartamig ker\u00fclnek t\u00e1rol\u00e1sra. Az Adatkezel\u0151 garant\u00e1lja, hogy ezen adatok egy\u00e9b Szem\u00e9lyes adatokkal \u2013 a jogszab\u00e1lyok \u00e1ltal el\u0151\u00edrt tett esetek kiv\u00e9tel\u00e9vel \u2013 \u00f6ssze nem kapcsolhat\u00f3k.<\/p>\n\n\n\n<h5 class=\"wp-block-heading\" id=\"rights\">VI. A felhaszn\u00e1l\u00f3k jogai a kezelt adatok vonatkoz\u00e1s\u00e1ban<\/h5>\n\n\n\n<p>A Felhaszn\u00e1l\u00f3 a vonatkoz\u00e1s\u00e1ban kezelt Szem\u00e9lyes adatok vonatkoz\u00e1s\u00e1ban az al\u00e1bb felsorolt jogokkal rendelkezik. A jogokat a Felhaszn\u00e1l\u00f3 a Honlapon \u00e1t, azonos\u00edt\u00e1s\u00e1t (a fi\u00f3kba t\u00f6rt\u00e9n\u0151 bel\u00e9p\u00e9s\u00e9t) k\u00f6vet\u0151en a Honlap megfelel\u0151 funkci\u00f3in kereszt\u00fcl gyakorolhatja. Ezen k\u00edv\u00fcl \u00edr\u00e1sban, az Adatkezel\u0151 r\u00e9sz\u00e9re megk\u00fcld\u00f6tt aj\u00e1nlott lev\u00e9lben vagy az ferrogeneralkft@gmail.com c\u00edmre k\u00fcld\u00f6tt emailben is gyakorolhatja itt felsorolt jogait.<\/p>\n\n\n\n<p>Az ut\u00f3bbi m\u00f3dok valamelyik\u00e9n beny\u00fajtott k\u00e9relmet az Adatkezel\u0151 azonban csak akkor tekinti hitelesnek \u00e9s csak akkor teljes\u00edti, ha az alapj\u00e1n a Felhaszn\u00e1l\u00f3 egy\u00e9rtelm\u0171en beazonos\u00edthat\u00f3, \u00e9s bizony\u00edtottnak tekinthet\u0151, hogy a k\u00e9r\u00e9st a Felhaszn\u00e1l\u00f3 saj\u00e1t maga ny\u00fajtotta be. A hiteless\u00e9g ellen\u0151rz\u00e9se \u00e9rdek\u00e9ben Adatkezel\u0151 k\u00e9rheti a Felhaszn\u00e1l\u00f3t szem\u00e9lyazonoss\u00e1g\u00e1nak igazol\u00e1s\u00e1ra miel\u0151tt a k\u00e9r\u00e9s teljes\u00edt\u00e9s\u00e9t megkezden\u00e9.<\/p>\n\n\n\n<h6 class=\"wp-block-heading\">T\u00e1j\u00e9koztat\u00e1si jog<\/h6>\n\n\n\n<p>Felhaszn\u00e1l\u00f3 k\u00e9rheti, hogy Adatkezel\u0151 t\u00e1j\u00e9kozt\u00e1st ny\u00fajtson r\u00e9sz\u00e9re az \u00e1ltala a Felhaszn\u00e1l\u00f3 vonatkoz\u00e1s\u00e1ban kezelt adatok k\u00f6r\u00e9r\u0151l \u00e9s tartalm\u00e1r\u00f3l. A Felhaszn\u00e1l\u00f3 ezeket az adatokat a Honlapon el\u00e9rhet\u0151 profiloldal\u00e1n, illetve a Honlap szolg\u00e1ltat\u00e1sain kereszt\u00fcl tudja megtekinteni.<\/p>\n\n\n\n<h6 class=\"wp-block-heading\">Helyesb\u00edt\u00e9si \u00e9s m\u00f3dos\u00edt\u00e1si jog<\/h6>\n\n\n\n<p>A Felhaszn\u00e1l\u00f3 k\u00e9rheti az Adatkezel\u0151k \u00e1ltal kezelt Szem\u00e9lyes adatainak helyesb\u00edt\u00e9s\u00e9t vagy m\u00f3dos\u00edt\u00e1s\u00e1t. Ezen k\u00edv\u00fcl a Felhaszn\u00e1l\u00f3 k\u00e9rheti a hi\u00e1nyos Szem\u00e9lyes adatok kieg\u00e9sz\u00edt\u00e9s\u00e9t, amennyiben az az adatok kezel\u00e9si c\u00e9lj\u00e1val \u00f6sszeegyeztethet\u0151.<\/p>\n\n\n\n<h6 class=\"wp-block-heading\">T\u00f6rl\u00e9si jog<\/h6>\n\n\n\n<p>Felhaszn\u00e1l\u00f3 k\u00e9rheti az Adatkezel\u0151 \u00e1ltal kezelt Szem\u00e9lyes adatainak t\u00f6rl\u00e9s\u00e9t. A t\u00f6rl\u00e9s megtagadhat\u00f3 a v\u00e9lem\u00e9nynyilv\u00e1n\u00edt\u00e1s szabads\u00e1g\u00e1hoz \u00e9s a t\u00e1j\u00e9koz\u00f3d\u00e1shoz val\u00f3 jog gyakorl\u00e1sa c\u00e9lj\u00e1b\u00f3l, vagy ha a Szem\u00e9lyes adatok kezel\u00e9s\u00e9re jogszab\u00e1ly felhatalmaz\u00e1st ad, valamint jogi ig\u00e9nyek el\u0151terjeszt\u00e9s\u00e9hez, \u00e9rv\u00e9nyes\u00edt\u00e9s\u00e9hez, illetve v\u00e9delm\u00e9hez.<\/p>\n\n\n\n<h5 class=\"wp-block-heading\" id=\"thirdparties\">VII. K\u00fcls\u0151 hivatkoz\u00e1sok<\/h5>\n\n\n\n<p>A Honlap haszn\u00e1lata sor\u00e1n felhaszn\u00e1l\u00f3ink &#8211; t\u00f6bbek k\u00f6z\u00f6tt &#8211; a k\u00f6vetkez\u0151 harmadik felek szolg\u00e1ltat\u00e1saival \u00e9s s\u00fctijeivel tal\u00e1lkozhatnak, amik a k\u00f6vetkez\u0151 adatv\u00e9delmi szab\u00e1lyzatok szerint m\u0171k\u00f6dnek (a list\u00e1t csak informat\u00edv jelleggel biztos\u00edtjuk):<\/p>\n\n\n\n<table class=\"wp-block-table\"><thead><tr><td>Szolg\u00e1ltat\u00e1s<\/td><td>T\u00edpus<\/td><td>Adatv\u00e9delmi t\u00e1j\u00e9koztat\u00f3<\/td><\/tr><\/thead><tbody><tr><td>Google Analytics<\/td><td>M\u00e9r\u00e9s \u00e9s analitika<\/td><td><a href=\"https:\/\/www.google.com\/analytics\/learn\/privacy.html?hl=hu\" target=\"_blank\" rel=\"noreferrer noopener\">link<\/a><\/td><\/tr><tr><td>Gemius SA &#8211; gemiusAudience<\/td><td>M\u00e9r\u00e9s \u00e9s analitika<\/td><td><a href=\"http:\/\/www.gemius.hu\/adatvedelmi-iranyelvek.html\" target=\"_blank\" rel=\"noreferrer noopener\">link<\/a><\/td><\/tr><tr><td>Google Adsense<\/td><td>Hirdet\u00e9skiszolg\u00e1l\u00e1s<\/td><td><a href=\"https:\/\/static.googleusercontent.com\/media\/www.google.com\/en\/\/intl\/hu\/policies\/privacy\/google_privacy_policy_hu.pdf\" target=\"_blank\" rel=\"noreferrer noopener\">link<\/a><\/td><\/tr><tr><td>Adverticum<\/td><td>Hirdet\u00e9skiszolg\u00e1l\u00e1s<\/td><td><a href=\"https:\/\/adverticum.net\/adatvedelmi-tajekoztato\/\" target=\"_blank\" rel=\"noreferrer noopener\">link<\/a><\/td><\/tr><\/tbody><\/table>\n","protected":false},"excerpt":{"rendered":"<p>Adatv\u00e9delmi \u00e9s Adatkezel\u00e9si T\u00e1j\u00e9koztat\u00f3 I. Bevezet\u0151 Ez a dokumentum a FerroGeneral Kft. (\u00dczemeltet\u0151), mint adatkezel\u0151 \u00e1ltal a szem\u00e9lyes adatok vonatkoz\u00e1s\u00e1ban alkalmazott&hellip;<\/p>\n<p class=\"read-more\"><a href=\"https:\/\/ferrogeneral.hu\/public_html\/ferrogeneral.hu\/index.php\/adatkezeles\/\" class=\"more-link\">Read more<span class=\"screen-reader-text\"> of adatkezel\u00e9s<\/span><\/a><\/p>\n","protected":false},"author":1,"featured_media":0,"parent":0,"menu_order":0,"comment_status":"closed","ping_status":"closed","template":"","meta":[],"yoast_head":"<!-- This site is optimized with the Yoast SEO plugin v20.9 - https:\/\/yoast.com\/wordpress\/plugins\/seo\/ -->\n<title>adatkezel\u00e9s - FerroGeneral<\/title>\n<meta name=\"robots\" content=\"index, follow, max-snippet:-1, max-image-preview:large, max-video-preview:-1\" \/>\n<link rel=\"canonical\" href=\"https:\/\/ferrogeneral.hu\/public_html\/ferrogeneral.hu\/index.php\/adatkezeles\/\" \/>\n<meta property=\"og:locale\" content=\"hu_HU\" \/>\n<meta property=\"og:type\" content=\"article\" \/>\n<meta property=\"og:title\" content=\"adatkezel\u00e9s - FerroGeneral\" \/>\n<meta property=\"og:description\" content=\"Adatv\u00e9delmi \u00e9s Adatkezel\u00e9si T\u00e1j\u00e9koztat\u00f3 I. Bevezet\u0151 Ez a dokumentum a FerroGeneral Kft. (\u00dczemeltet\u0151), mint adatkezel\u0151 \u00e1ltal a szem\u00e9lyes adatok vonatkoz\u00e1s\u00e1ban alkalmazott&hellip;Read more of adatkezel\u00e9s\" \/>\n<meta property=\"og:url\" content=\"https:\/\/ferrogeneral.hu\/public_html\/ferrogeneral.hu\/index.php\/adatkezeles\/\" \/>\n<meta property=\"og:site_name\" content=\"FerroGeneral\" \/>\n<meta property=\"article:publisher\" content=\"https:\/\/www.facebook.com\/ferrogeneralkft\/\" \/>\n<meta name=\"twitter:card\" content=\"summary_large_image\" \/>\n<meta name=\"twitter:label1\" content=\"Becs\u00fclt olvas\u00e1si id\u0151\" \/>\n\t<meta name=\"twitter:data1\" content=\"8 perc\" \/>\n<script type=\"application\/ld+json\" class=\"yoast-schema-graph\">{\"@context\":\"https:\/\/schema.org\",\"@graph\":[{\"@type\":\"WebPage\",\"@id\":\"https:\/\/ferrogeneral.hu\/public_html\/ferrogeneral.hu\/index.php\/adatkezeles\/\",\"url\":\"https:\/\/ferrogeneral.hu\/public_html\/ferrogeneral.hu\/index.php\/adatkezeles\/\",\"name\":\"adatkezel\u00e9s - FerroGeneral\",\"isPartOf\":{\"@id\":\"https:\/\/ferrogeneral.hu\/public_html\/ferrogeneral.hu\/#website\"},\"datePublished\":\"2019-03-26T07:07:03+00:00\",\"dateModified\":\"2019-03-26T07:07:03+00:00\",\"breadcrumb\":{\"@id\":\"https:\/\/ferrogeneral.hu\/public_html\/ferrogeneral.hu\/index.php\/adatkezeles\/#breadcrumb\"},\"inLanguage\":\"hu\",\"potentialAction\":[{\"@type\":\"ReadAction\",\"target\":[\"https:\/\/ferrogeneral.hu\/public_html\/ferrogeneral.hu\/index.php\/adatkezeles\/\"]}]},{\"@type\":\"BreadcrumbList\",\"@id\":\"https:\/\/ferrogeneral.hu\/public_html\/ferrogeneral.hu\/index.php\/adatkezeles\/#breadcrumb\",\"itemListElement\":[{\"@type\":\"ListItem\",\"position\":1,\"name\":\"Home\",\"item\":\"https:\/\/ferrogeneral.hu\/public_html\/ferrogeneral.hu\/\"},{\"@type\":\"ListItem\",\"position\":2,\"name\":\"adatkezel\u00e9s\"}]},{\"@type\":\"WebSite\",\"@id\":\"https:\/\/ferrogeneral.hu\/public_html\/ferrogeneral.hu\/#website\",\"url\":\"https:\/\/ferrogeneral.hu\/public_html\/ferrogeneral.hu\/\",\"name\":\"FerroGeneral\",\"description\":\"Szersz\u00e1mg\u00e9p forgalmaz\u00e1s\",\"publisher\":{\"@id\":\"https:\/\/ferrogeneral.hu\/public_html\/ferrogeneral.hu\/#organization\"},\"potentialAction\":[{\"@type\":\"SearchAction\",\"target\":{\"@type\":\"EntryPoint\",\"urlTemplate\":\"https:\/\/ferrogeneral.hu\/public_html\/ferrogeneral.hu\/?s={search_term_string}\"},\"query-input\":\"required name=search_term_string\"}],\"inLanguage\":\"hu\"},{\"@type\":\"Organization\",\"@id\":\"https:\/\/ferrogeneral.hu\/public_html\/ferrogeneral.hu\/#organization\",\"name\":\"Ferrogeneral Kft.\",\"url\":\"https:\/\/ferrogeneral.hu\/public_html\/ferrogeneral.hu\/\",\"logo\":{\"@type\":\"ImageObject\",\"inLanguage\":\"hu\",\"@id\":\"https:\/\/ferrogeneral.hu\/public_html\/ferrogeneral.hu\/#\/schema\/logo\/image\/\",\"url\":\"https:\/\/ferrogeneral.hu\/wp-content\/uploads\/2019\/03\/ly_proj_1711220.png\",\"contentUrl\":\"https:\/\/ferrogeneral.hu\/wp-content\/uploads\/2019\/03\/ly_proj_1711220.png\",\"width\":1856,\"height\":442,\"caption\":\"Ferrogeneral Kft.\"},\"image\":{\"@id\":\"https:\/\/ferrogeneral.hu\/public_html\/ferrogeneral.hu\/#\/schema\/logo\/image\/\"},\"sameAs\":[\"https:\/\/www.facebook.com\/ferrogeneralkft\/\"]}]}<\/script>\n<!-- \/ Yoast SEO plugin. -->","yoast_head_json":{"title":"adatkezel\u00e9s - FerroGeneral","robots":{"index":"index","follow":"follow","max-snippet":"max-snippet:-1","max-image-preview":"max-image-preview:large","max-video-preview":"max-video-preview:-1"},"canonical":"https:\/\/ferrogeneral.hu\/public_html\/ferrogeneral.hu\/index.php\/adatkezeles\/","og_locale":"hu_HU","og_type":"article","og_title":"adatkezel\u00e9s - FerroGeneral","og_description":"Adatv\u00e9delmi \u00e9s Adatkezel\u00e9si T\u00e1j\u00e9koztat\u00f3 I. Bevezet\u0151 Ez a dokumentum a FerroGeneral Kft. (\u00dczemeltet\u0151), mint adatkezel\u0151 \u00e1ltal a szem\u00e9lyes adatok vonatkoz\u00e1s\u00e1ban alkalmazott&hellip;Read more of adatkezel\u00e9s","og_url":"https:\/\/ferrogeneral.hu\/public_html\/ferrogeneral.hu\/index.php\/adatkezeles\/","og_site_name":"FerroGeneral","article_publisher":"https:\/\/www.facebook.com\/ferrogeneralkft\/","twitter_card":"summary_large_image","twitter_misc":{"Becs\u00fclt olvas\u00e1si id\u0151":"8 perc"},"schema":{"@context":"https:\/\/schema.org","@graph":[{"@type":"WebPage","@id":"https:\/\/ferrogeneral.hu\/public_html\/ferrogeneral.hu\/index.php\/adatkezeles\/","url":"https:\/\/ferrogeneral.hu\/public_html\/ferrogeneral.hu\/index.php\/adatkezeles\/","name":"adatkezel\u00e9s - FerroGeneral","isPartOf":{"@id":"https:\/\/ferrogeneral.hu\/public_html\/ferrogeneral.hu\/#website"},"datePublished":"2019-03-26T07:07:03+00:00","dateModified":"2019-03-26T07:07:03+00:00","breadcrumb":{"@id":"https:\/\/ferrogeneral.hu\/public_html\/ferrogeneral.hu\/index.php\/adatkezeles\/#breadcrumb"},"inLanguage":"hu","potentialAction":[{"@type":"ReadAction","target":["https:\/\/ferrogeneral.hu\/public_html\/ferrogeneral.hu\/index.php\/adatkezeles\/"]}]},{"@type":"BreadcrumbList","@id":"https:\/\/ferrogeneral.hu\/public_html\/ferrogeneral.hu\/index.php\/adatkezeles\/#breadcrumb","itemListElement":[{"@type":"ListItem","position":1,"name":"Home","item":"https:\/\/ferrogeneral.hu\/public_html\/ferrogeneral.hu\/"},{"@type":"ListItem","position":2,"name":"adatkezel\u00e9s"}]},{"@type":"WebSite","@id":"https:\/\/ferrogeneral.hu\/public_html\/ferrogeneral.hu\/#website","url":"https:\/\/ferrogeneral.hu\/public_html\/ferrogeneral.hu\/","name":"FerroGeneral","description":"Szersz\u00e1mg\u00e9p forgalmaz\u00e1s","publisher":{"@id":"https:\/\/ferrogeneral.hu\/public_html\/ferrogeneral.hu\/#organization"},"potentialAction":[{"@type":"SearchAction","target":{"@type":"EntryPoint","urlTemplate":"https:\/\/ferrogeneral.hu\/public_html\/ferrogeneral.hu\/?s={search_term_string}"},"query-input":"required name=search_term_string"}],"inLanguage":"hu"},{"@type":"Organization","@id":"https:\/\/ferrogeneral.hu\/public_html\/ferrogeneral.hu\/#organization","name":"Ferrogeneral Kft.","url":"https:\/\/ferrogeneral.hu\/public_html\/ferrogeneral.hu\/","logo":{"@type":"ImageObject","inLanguage":"hu","@id":"https:\/\/ferrogeneral.hu\/public_html\/ferrogeneral.hu\/#\/schema\/logo\/image\/","url":"https:\/\/ferrogeneral.hu\/wp-content\/uploads\/2019\/03\/ly_proj_1711220.png","contentUrl":"https:\/\/ferrogeneral.hu\/wp-content\/uploads\/2019\/03\/ly_proj_1711220.png","width":1856,"height":442,"caption":"Ferrogeneral Kft."},"image":{"@id":"https:\/\/ferrogeneral.hu\/public_html\/ferrogeneral.hu\/#\/schema\/logo\/image\/"},"sameAs":["https:\/\/www.facebook.com\/ferrogeneralkft\/"]}]}},"_links":{"self":[{"href":"https:\/\/ferrogeneral.hu\/public_html\/ferrogeneral.hu\/index.php\/wp-json\/wp\/v2\/pages\/88"}],"collection":[{"href":"https:\/\/ferrogeneral.hu\/public_html\/ferrogeneral.hu\/index.php\/wp-json\/wp\/v2\/pages"}],"about":[{"href":"https:\/\/ferrogeneral.hu\/public_html\/ferrogeneral.hu\/index.php\/wp-json\/wp\/v2\/types\/page"}],"author":[{"embeddable":true,"href":"https:\/\/ferrogeneral.hu\/public_html\/ferrogeneral.hu\/index.php\/wp-json\/wp\/v2\/users\/1"}],"replies":[{"embeddable":true,"href":"https:\/\/ferrogeneral.hu\/public_html\/ferrogeneral.hu\/index.php\/wp-json\/wp\/v2\/comments?post=88"}],"version-history":[{"count":1,"href":"https:\/\/ferrogeneral.hu\/public_html\/ferrogeneral.hu\/index.php\/wp-json\/wp\/v2\/pages\/88\/revisions"}],"predecessor-version":[{"id":90,"href":"https:\/\/ferrogeneral.hu\/public_html\/ferrogeneral.hu\/index.php\/wp-json\/wp\/v2\/pages\/88\/revisions\/90"}],"wp:attachment":[{"href":"https:\/\/ferrogeneral.hu\/public_html\/ferrogeneral.hu\/index.php\/wp-json\/wp\/v2\/media?parent=88"}],"curies":[{"name":"wp","href":"https:\/\/api.w.org\/{rel}","templated":true}]}}